{"id":5,"date":"2025-11-16T22:11:04","date_gmt":"2025-11-16T21:11:04","guid":{"rendered":"http:\/\/themelia-conseil.com\/?page_id=5"},"modified":"2025-11-16T22:26:12","modified_gmt":"2025-11-16T21:26:12","slug":"bienvenue-sur-le-site-de-themelia-societe-de-conseil","status":"publish","type":"page","link":"http:\/\/themelia-conseil.com\/","title":{"rendered":"Bienvenue"},"content":{"rendered":"\n<figure class=\"wp-block-image alignleft size-full is-resized\"><img loading=\"lazy\" decoding=\"async\" width=\"582\" height=\"257\" src=\"http:\/\/themelia-conseil.com\/wp-content\/uploads\/2025\/11\/themelia_logo_251016.jpg\" alt=\"\" class=\"wp-image-17\" style=\"width:204px;height:auto\" srcset=\"http:\/\/themelia-conseil.com\/wp-content\/uploads\/2025\/11\/themelia_logo_251016.jpg 582w, http:\/\/themelia-conseil.com\/wp-content\/uploads\/2025\/11\/themelia_logo_251016-300x132.jpg 300w\" sizes=\"auto, (max-width: 582px) 100vw, 582px\" \/><\/figure>\n\n\n\n<p>Cabinet de conseil sp\u00e9cialis\u00e9 en assistance \u00e0 ma\u00eetrise d&#8217;ouvrage, pour la d\u00e9finition, le cadrage et le pilotage de projets en lien avec les syst\u00e8mes d&#8217;informations.<\/p>\n\n\n\n<p>Cr\u00e9e en 2025 et localis\u00e9 en r\u00e9gion Normandie, nous intervenons sur tout le territoire m\u00e9tropolitain, tant dans le secteur public que priv\u00e9.<\/p>\n\n\n\n<div class=\"wp-block-group alignfull has-global-padding is-layout-constrained wp-block-group-is-layout-constrained\"><\/div>\n","protected":false},"excerpt":{"rendered":"<p>Cabinet de conseil sp\u00e9cialis\u00e9 en assistance \u00e0 ma\u00eetrise d&#8217;ouvrage, pour la d\u00e9finition, le cadrage et le pilotage de projets en lien avec les syst\u00e8mes d&#8217;informations. Cr\u00e9e en 2025 et localis\u00e9 en r\u00e9gion Normandie, nous intervenons sur tout le territoire m\u00e9tropolitain, tant dans le secteur public que priv\u00e9.<\/p>\n","protected":false},"author":1,"featured_media":0,"parent":0,"menu_order":0,"comment_status":"closed","ping_status":"closed","template":"","meta":{"footnotes":""},"class_list":["post-5","page","type-page","status-publish","hentry"],"_links":{"self":[{"href":"http:\/\/themelia-conseil.com\/index.php\/wp-json\/wp\/v2\/pages\/5","targetHints":{"allow":["GET"]}}],"collection":[{"href":"http:\/\/themelia-conseil.com\/index.php\/wp-json\/wp\/v2\/pages"}],"about":[{"href":"http:\/\/themelia-conseil.com\/index.php\/wp-json\/wp\/v2\/types\/page"}],"author":[{"embeddable":true,"href":"http:\/\/themelia-conseil.com\/index.php\/wp-json\/wp\/v2\/users\/1"}],"replies":[{"embeddable":true,"href":"http:\/\/themelia-conseil.com\/index.php\/wp-json\/wp\/v2\/comments?post=5"}],"version-history":[{"count":7,"href":"http:\/\/themelia-conseil.com\/index.php\/wp-json\/wp\/v2\/pages\/5\/revisions"}],"predecessor-version":[{"id":20,"href":"http:\/\/themelia-conseil.com\/index.php\/wp-json\/wp\/v2\/pages\/5\/revisions\/20"}],"wp:attachment":[{"href":"http:\/\/themelia-conseil.com\/index.php\/wp-json\/wp\/v2\/media?parent=5"}],"curies":[{"name":"wp","href":"https:\/\/api.w.org\/{rel}","templated":true}]}}